tors of -3*c/((-84)/(-632))?
2, 79
Suppose -7*b - 4*b + 268503 + 208336 = 0. List the prime factors of b.
67, 647
Suppose 0 = 10*h - 819 - 17756 - 55345. What are the prime factors of h?
2, 3, 7, 11
Suppose 5*v - 261452 = -4*b, 179*b + v - 130738 = 177*b. What are the prime factors of b?
3, 7, 11, 283
Let g = -317 - -321. Suppose 56 = 4*v - 2352. Suppose -3*p + v = g*p. What are the prime factors of p?
2, 43
Let x(t) = 30462*t**2 + 24*t + 24. List the prime factors of x(-1).
2, 3, 5077
Suppose -3*q - 6 = 6, 2*g + 2*q = 12. Suppose -24 = g*b - 6*b. List the prime factors of 1*(-101)/(-4)*(-24)/b.
101
Let r = 35 - -28. Suppose l + 58 - r = 0. Suppose l*p = j + 572, 2*p - 5*j - 445 = -2*p. What are the prime factors of p?
5, 23
Let x be (0/(3/(-1)))/(6 - 9). Let t be (3 - 1) + x/(3 + -1). Suppose -t*n = -4*n + 100. List the prime factors of n.
2, 5
List the prime factors of 12/(-240)*5*-9188.
2297
Let l(b) = 36*b + 213. Let y be (-6)/((51/14)/(-17)). What are the prime factors of l(y)?
3, 11, 37
Let m = -5474 - -17940. What are the prime factors of m?
2, 23, 271
Suppose -d - 5*b + 24 = 0, -2*d + 4*d + 5*b - 58 = 0. Suppose 27180 = -d*w + 52*w. List the prime factors of w.
2, 5, 151
Let n be 2*9*96/432. Suppose -n*v - 31 = -479. What are the prime factors of v?
2, 7
Suppose 0 = -25*w + 30*w - 50. Let k = w + -8. Suppose -960 = -k*c - 6*c. List the prime factors of c.
2, 3, 5
Let m be (6/9)/(1/6). Let x be 274/6 - m/(-12). Suppose -44 = -t + 5*g, -5*t - 5*g = -54 - x. List the prime factors of t.
2, 3
Let k be 1/(-2)*(0 - 10). Let u(g) = 639*g + 718*g - 2 - 1372*g - 2*g**2 + 2*g**3. List the prime factors of u(k).
3, 41
Suppose -179*p + 62*p = -2370822 - 3156258. What are the prime factors of p?
2, 5, 1181
Let m be (344/9 - 11) + (-2)/9. What are the prime factors of 59/((6/m)/2)?
3, 59
Suppose 0 = 3*q - 40 - 71. Let b = q - 35. Suppose -389 = -5*h - 2*o, 237 = 5*h - b*h + 3*o. List the prime factors of h.
7, 11
Suppose 0 = 2*a + 4*a - 12. Let b be (1/a)/(1/324). Let w = b - 106. What are the prime factors of w?
2, 7
Let g(r) = -3407*r - 4699. What are the prime factors of g(-10)?
23, 1277
Suppose -131*j - 29854 = -190*j. List the prime factors of j.
2, 11, 23
Let v(z) = 8*z**2 + 12*z + 15. Let d be v(-6). Let s = d + -182. What are the prime factors of s?
7
List the prime factors of (9/(-4))/((-20)/((-1573920)/(-27))).
2, 3, 1093
Suppose 5*w - 20026 = -4*r - 37, 4*r - 15992 = -4*w. What are the prime factors of w?
7, 571
Suppose -40*v + 42*v - 3*q - 12 = 0, -3*v = -4*q - 18. Suppose 0 = g - 3*k - 55 - 12, -16 = -4*k. Suppose 23 + g = v*i. What are the prime factors of i?
17
Let k(f) = 3*f**2 + 7*f + 6. Let u(c) = 7*c**2 + 13*c + 12. Let z(r) = -5*k(r) + 2*u(r). Let i be z(-7). Let v = 136 - i. List the prime factors of v.
2
Suppose -5*a - 622*d = -618*d - 47983, 47998 = 5*a - d. List the prime factors of a.
29, 331
Let x(j) = 2584*j**3 - 6*j**2 + 8*j - 2. Let t be x(1). Let z = -1533 + t. List the prime factors of z.
1051
Suppose -42 - 358 = -20*h. Let p be 2 + (1 - 0/(-2)). Suppose 0 = -4*d + h, 32 = -p*t + 3*d + 374. List the prime factors of t.
7, 17
Let c be ((-4)/14)/(67/2345). Let v(g) = -9*g**2 + 25 + 2*g + g**3 + 3*g - 5*g**3 + 3*g**3. What are the prime factors of v(c)?
3, 5
Let f(v) = -108*v**2 - v**3 + 47*v**2 - 28 + 46*v**2 - 16*v. Let n be f(-14). Suppose -5*i + n*i = -75. What are the prime factors of i?
3, 5
List the prime factors of 1716/(-156) - 1*-2777.
2, 3, 461
Let t = 1055 - 130. Let c = t - 541. List the prime factors of c.
2, 3
Let m be (-909 - 25/5)*(-2 + 1). Suppose 5*x = -2*w + 1431, 3*w + 2*x - m = 1205. List the prime factors of w.
19, 37
Suppose -v = -2*b - 850, 0 = -4*v - 28*b + 29*b + 3428. What are the prime factors of v?
2, 3, 11, 13
Suppose 41589 = 3*q - 4*c, -4*c = -2*q - 2*q + 55456. What are the prime factors of q?
7, 283
Let n = 885 - 854. Suppose -2365 = -4*o + c, -27*o + n*o + 2*c = 2350. List the prime factors of o.
2, 5, 59
Let a(v) = v**2 - 3*v. Let b be a(2). Let k be 0 + -6 - (0/b)/2. What are the prime factors of (k - -52)*(-1)/(-2)?
23
Let d(c) = 8241*c**2 - 150*c + 454. What are the prime factors of d(3)?
11, 613
Let s be 5 + 22 - (4 + -4). List the prime factors of ((-9)/s + 0)*-2847.
13, 73
Suppose 0 = -4*c + 2*b + 41734, -c - 5*b + 3088 = -7329. Suppose -6*u = -22*u + c. List the prime factors of u.
2, 163
Let z = 66 - 77. Let w(s) = -8*s + 137. What are the prime factors of w(z)?
3, 5
Suppose 3*v - 31*l - 56322 = -34*l, 4*v + l - 75111 = 0. What are the prime factors of v?
89, 211
Suppose 2*z = 46 + 18. Let n be 118/(-6) - (z/6 + -5). List the prime factors of 47/(((-4)/n)/(4/10)).
2, 47
Let r be (-3)/21*2 - (-360)/84. Suppose -r*j + 2*h = 6, 5*j - 4*h = -0*h - 15. List the prime factors of j*22 + 6/(8 + -5).
2, 3
Suppose 11 - 7 = 2*p. Suppose -5*w + 3*a + 143 = -368, -202 = -p*w + 2*a. List the prime factors of w.
2, 13
Let w(j) = -35 + 193 + 148 + 44*j. What are the prime factors of w(19)?
2, 571
Let l(m) = 16*m**2 - 100*m + 969. What are the prime factors of l(39)?
3, 5, 1427
Suppose -2*l + l = -4*w - 9, -2*l = w - 9. List the prime factors of 396 - -1 - (w - 1).
3, 7, 19
Let i be 21/(-35) - 28/(-5). Suppose -i*k = -k - 580. Let a = -103 + k. List the prime factors of a.
2, 3, 7
Let r(u) be the third derivative of 3*u**5/20 - u**4/3 + 23*u**3/6 - 35*u**2 - 1. List the prime factors of r(7).
2, 3, 17
Let h = 13579 + 22804. What are the prime factors of h?
36383
Suppose 2*d + 1 = z + 9, 0 = 5*d + 2*z - 11. Let o(b) be the second derivative of 4*b**4/3 - b**3/6 - 3*b**2/2 - 43*b. List the prime factors of o(d).
2, 3, 23
Let i be -1 + 14 + 1/(-1). Let x = -2183 - -2199. Suppose 0 = i*g - x*g + 672. List the prime factors of g.
2, 3, 7
Let z(n) = 0 - 5*n + 3*n + 128*n**2 + 22*n**2 - 3. What are the prime factors of z(-1)?
149
Suppose 0 = 11564*a - 11575*a + 69762. What are the prime factors of a?
2, 3, 7, 151
Let y be (-5*6/(-30))/(1/6861). Suppose 5*h - y = 2*m, 5*h + 2*m - 3794 = 3055. List the prime factors of h.
3, 457
Let k = 533 + 58545. List the prime factors of k.
2, 109, 271
Let d = -6303 - -16167. What are the prime factors of d?
2, 3, 137
Suppose -3*x = 5*y - 32, -89 = -4*x - y - 35. Suppose -6214 = b - x*b. What are the prime factors of b?
2, 239
What are the prime factors of ((-6)/(-81)*36)/(6/121707)?
2, 13523
Let o(a) be the first derivative of a**5/15 - 5*a**4/24 + 7*a**3/6 - 7*a**2/2 - 6. Let p(q) be the second derivative of o(q). List the prime factors of p(3).
2, 7
Let h = 81 + -78. Suppose 0 = 6*g - h - 15. Suppose 4*p = -g*b + b + 116, 3*p - b - 87 = 0. What are the prime factors of p?
29
Let h(l) = 3*l**2 - 9*l - 16. Let t = -72 - -79. Let r be h(t). Suppose 5*m - 9*m + r = 0. List the prime factors of m.
17
Let z(a) = -4*a + 1976. Let h be z(0). Suppose -9*y = -4414 - h. What are the prime factors of y?
2, 5, 71
Suppose -65 = 5*b + 5*k, 0 = -3*b + 16*k - 18*k - 38. Let t(w) = -64*w - 250. List the prime factors of t(b).
2, 7, 37
Let x = -352 - -859. Let j = x + -178. List the prime factors of j.
7, 47
Suppose 10*o + 97341 = 94*o + 129*o. What are the prime factors of o?
457
Let l = -50 + 55. Let v be 2/(-6)*(3 + -9). Suppose -v*y + t + 102 = 2*y, l*y - 124 = 3*t. List the prime factors of y.
2, 13
Suppose l - k - 7751 = 0, 3*l + 39*k - 23249 = 38*k. List the prime factors of l.
2, 5, 31
Suppose 2*v = -8, 2*t = 3*v + 16 + 2. Suppose -2*r + 5 = -n - t, -5*r + 5*n + 10 = 0. Suppose 0 = -5*d + r*d - 139. List the prime factors of d.
139
Let d(i) = -8*i**2 + 29*i + 6. Let p be d(10). Let z = p + 790. List the prime factors of z.
2, 11, 13
What are the prime factors of (-4000752)/(-105) + (378/(-45) - -9)?
3, 13, 977
Let a = -98 + 162. Let l be 2/(-5) + 7/(70/a). Suppose -87 + l = -2*b - 5*x, 0 = -x + 1. What are the prime factors of b?
2, 19
Let c(s) = 3*s**2 + 57*s - 50. Let x be c(-20). Suppose x*o - 9045 = 1095. List the prime factors of o.
2, 3, 13
Let a be 57 - (1 + 1 + -1). Suppose -6*g = -a + 374. Let t = 120 + g. What are the prime factors of t?
67
Suppose 1347906 = 708*q - 641*q. What are the prime factors of q?
2, 3, 7, 479
Suppose -3*h + 15 = 3*l, h + 0 = 2. Suppose -l*n - 198 = -3*u, -180 - 148 = -5*u + 4*n. List the prime factors of (-2)/3*(-1632)/u.
17
Let d be 